{"id":17,"date":"2024-11-24T05:30:14","date_gmt":"2024-11-24T05:30:14","guid":{"rendered":"https:\/\/dante-learning.com\/kor\/?page_id=17"},"modified":"2025-12-22T04:28:12","modified_gmt":"2025-12-22T04:28:12","slug":"home","status":"publish","type":"page","link":"https:\/\/dante-learning.com\/ger\/","title":{"rendered":"Dante Learning &#8211; Italienisch lernen mit Muttersprachlern auf Zoom"},"content":{"rendered":"\n<!DOCTYPE html>\n<html lang=\"de\">\n<head>\n    <meta charset=\"UTF-8\">\n    <meta name=\"viewport\" content=\"width=device-width, initial-scale=1.0\">\n    <title>Dante Learning &#8211; Funnel<\/title>\n    <link href=\"https:\/\/fonts.googleapis.com\/css2?family=Antic&#038;family=Playfair+Display:wght@300;400;600&#038;family=Inter:wght@400;500;600;700&#038;display=swap\" rel=\"stylesheet\">\n    <meta name=\"dante-onboard-nonce\" content=\"test-nonce\">\n    <link rel=\"stylesheet\" href=\"style.css\">\n<\/head>\n<body>\n    <div class=\"funnel-container\">\n        <!-- Progress Bar -->\n        <div class=\"progress-container\">\n            <div id=\"progressBar\" class=\"progress-bar\"><\/div>\n        <\/div>\n        \n        <!-- SEZIONE SINISTRA -->\n        <div class=\"funnel-left-section\" id=\"topSection\">\n            <!-- Testo descrittivo dinamico -->\n            <div class=\"step-description\">\n                <h1 id=\"italianGreeting\" class=\"italian-greeting\">L&#8217;italiano per te<\/h1>\n                <p id=\"germanTranslation\" class=\"german-translation\">Italienisch f\u00fcr dich<\/p>\n                <p id=\"germanSubtitle\" class=\"german-subtitle\">In nur 3 Minuten erstellen wir deinen personalisierten Lernplan. Am Ende erh\u00e4ltst du kostenloses Lernmaterial &#8211; perfekt f\u00fcr deinen individuellen Weg oder kleine Gruppen. Keine Zahlung erforderlich.<\/p>\n            <\/div>\n            \n            <!-- Immagine dinamica -->\n            <div class=\"step-image\">\n                <img decoding=\"async\" id=\"stepImage\" src=\"https:\/\/dante-learning.com\/ger\/wp-content\/uploads\/2025\/05\/vacanze.webp\" alt=\"Italienisch lernen\" \/>\n            <\/div>\n            \n            <!-- NUOVO: Bottone login per utenti esistenti -->\n            <div class=\"login-button-container\" id=\"loginButtonContainer\">\n                <button onclick=\"location.href='\/ger\/wp-login.php'\" \n                        id=\"loginButton\"\n                        class=\"login-btn\">\n                    Schon Teilnehmer? Einloggen\n                <\/button>\n            <\/div>\n            \n            <!-- Logo desktop SOLO (nascosto su mobile) -->\n            <div class=\"desktop-logo\">\n                <img decoding=\"async\" src=\"https:\/\/dante-learning.com\/ger\/wp-content\/uploads\/2024\/11\/logo-un-layer-light.png\" alt=\"Dante Learning\" \/>\n            <\/div>\n        <\/div>\n        \n        <!-- SEZIONE DESTRA -->\n        <div class=\"funnel-right-section\">\n            <!-- FORM HEADER -->\n            <div class=\"form-header\">\n                <div class=\"step-indicator\">\n                    Schritt <span id=\"currentStep\">1<\/span> von 7\n                <\/div>\n                <h2 id=\"formTitle\" class=\"playfair-title\">Was ist dein Ziel?<\/h2>\n                <p class=\"subtitle\" id=\"formSubtitle\">\n                    W\u00e4hle, wof\u00fcr du Italienisch lernen m\u00f6chtest\n                <\/p>\n            <\/div>\n\n            <!-- STEP 1: Goal -->\n            <div class=\"form-step active\" id=\"step1\">\n                <div class=\"options-grid\">\n                    <div class=\"option-card\" data-value=\"karriere-business\">\n                        <div class=\"option-content\">\n                            <div class=\"option-icon\">\ud83d\udcbc<\/div>\n                            <div class=\"option-text\">\n                                <h3>Karriere und Business<\/h3>\n                            <\/div>\n                        <\/div>\n                        <div class=\"option-radio\"><\/div>\n                    <\/div>\n                    <div class=\"option-card\" data-value=\"pruefungen\">\n                        <div class=\"option-content\">\n                            <div class=\"option-icon\">\ud83c\udf93<\/div>\n                            <div class=\"option-text\">\n                                <h3>Pr\u00fcfungen und Zertifikate<\/h3>\n                            <\/div>\n                        <\/div>\n                        <div class=\"option-radio\"><\/div>\n                    <\/div>\n                    <div class=\"option-card\" data-value=\"buecher-lesen\">\n                        <div class=\"option-content\">\n                            <div class=\"option-icon\">\ud83d\udcd6<\/div>\n                            <div class=\"option-text\">\n                                <h3>Italienische B\u00fccher lesen<\/h3>\n                            <\/div>\n                        <\/div>\n                        <div class=\"option-radio\"><\/div>\n                    <\/div>\n                    <div class=\"option-card\" data-value=\"filme-schauen\">\n                        <div class=\"option-content\">\n                            <div class=\"option-icon\">\ud83c\udfac<\/div>\n                            <div class=\"option-text\">\n                                <h3>Filme ohne Untertitel<\/h3>\n                            <\/div>\n                        <\/div>\n                        <div class=\"option-radio\"><\/div>\n                    <\/div>\n                    <div class=\"option-card\" data-value=\"kultur-reisen\">\n                        <div class=\"option-content\">\n                            <div class=\"option-icon\">\ud83c\udfdb\ufe0f<\/div>\n                            <div class=\"option-text\">\n                                <h3>Kultur, Reisen und Hobby<\/h3>\n                            <\/div>\n                        <\/div>\n                        <div class=\"option-radio\"><\/div>\n                    <\/div>\n                <\/div>\n                <button class=\"btn-primary\" id=\"step1Next\" disabled>Weiter<\/button>\n            <\/div>\n\n            <!-- STEP 2: Level -->\n            <div class=\"form-step\" id=\"step2\">\n                <div class=\"options-grid\">\n                    <div class=\"option-card\" data-value=\"anfaenger\">\n                        <div class=\"option-content\">\n                            <div class=\"option-icon\">\ud83c\udf31<\/div>\n                            <div class=\"option-text\">\n                                <h3>Ich fange gerade an<\/h3>\n                            <\/div>\n                        <\/div>\n                        <div class=\"option-radio\"><\/div>\n                    <\/div>\n                    <div class=\"option-card\" data-value=\"grundkenntnisse\">\n                        <div class=\"option-content\">\n                            <div class=\"option-icon\">\ud83d\udcda<\/div>\n                            <div class=\"option-text\">\n                                <h3>Ich kenne die Grundlagen<\/h3>\n                            <\/div>\n                        <\/div>\n                        <div class=\"option-radio\"><\/div>\n                    <\/div>\n                    <div class=\"option-card\" data-value=\"konversationsfaehig\">\n                        <div class=\"option-content\">\n                            <div class=\"option-icon\">\ud83d\udcac<\/div>\n                            <div class=\"option-text\">\n                                <h3>Ich bin konversationsf\u00e4hig<\/h3>\n                            <\/div>\n                        <\/div>\n                        <div class=\"option-radio\"><\/div>\n                    <\/div>\n                    <div class=\"option-card\" data-value=\"fliessend\">\n                        <div class=\"option-content\">\n                            <div class=\"option-icon\">\u2b50<\/div>\n                            <div class=\"option-text\">\n                                <h3>Ich bin flie\u00dfend<\/h3>\n                            <\/div>\n                        <\/div>\n                        <div class=\"option-radio\"><\/div>\n                    <\/div>\n                <\/div>\n                <button class=\"btn-primary\" id=\"step2Next\" disabled>Weiter<\/button>\n            <\/div>\n\n            <!-- STEP 3: Material Type -->\n            <div class=\"form-step\" id=\"step3\">\n                <div class=\"options-grid\">\n                    <div class=\"option-card\" data-value=\"deutsch-mit-italienisch\">\n                        <div class=\"option-content\">\n                            <div class=\"option-icon\">\ud83c\udde9\ud83c\uddea<\/div>\n                            <div class=\"option-text\">\n                                <h3>Erkl\u00e4rungen auf Deutsch mit italienischen Beispielen<\/h3>\n                            <\/div>\n                        <\/div>\n                        <div class=\"option-radio\"><\/div>\n                    <\/div>\n                    <div class=\"option-card\" data-value=\"gemischt\">\n                        <div class=\"option-content\">\n                            <div class=\"option-icon\">\ud83c\udde9\ud83c\uddea\ud83c\uddee\ud83c\uddf9<\/div>\n                            <div class=\"option-text\">\n                                <h3>Erkl\u00e4rungen auf Deutsch und Italienisch gemischt<\/h3>\n                            <\/div>\n                        <\/div>\n                        <div class=\"option-radio\"><\/div>\n                    <\/div>\n                    <div class=\"option-card\" data-value=\"nur-italienisch\">\n                        <div class=\"option-content\">\n                            <div class=\"option-icon\">\ud83c\uddee\ud83c\uddf9<\/div>\n                            <div class=\"option-text\">\n                                <h3>Erkl\u00e4rungen und Beispiele nur auf Italienisch<\/h3>\n                            <\/div>\n                        <\/div>\n                        <div class=\"option-radio\"><\/div>\n                    <\/div>\n                <\/div>\n                <button class=\"btn-primary\" id=\"step3Next\" disabled>Weiter<\/button>\n            <\/div>\n\n            <!-- STEP 4: Skills to Improve -->\n            <div class=\"form-step\" id=\"step4\">\n                <div class=\"options-grid\">\n                    <div class=\"option-card\" data-value=\"grammatik\">\n                        <div class=\"option-content\">\n                            <div class=\"option-icon\">\ud83d\udcd6<\/div>\n                            <div class=\"option-text\">\n                                <h3>Grammatik<\/h3>\n                            <\/div>\n                        <\/div>\n                        <div class=\"option-radio\"><\/div>\n                    <\/div>\n                    <div class=\"option-card\" data-value=\"vokabular\">\n                        <div class=\"option-content\">\n                            <div class=\"option-icon\">\ud83d\udcac<\/div>\n                            <div class=\"option-text\">\n                                <h3>Vokabular<\/h3>\n                            <\/div>\n                        <\/div>\n                        <div class=\"option-radio\"><\/div>\n                    <\/div>\n                    <div class=\"option-card\" data-value=\"hoeren\">\n                        <div class=\"option-content\">\n                            <div class=\"option-icon\">\ud83c\udfa7<\/div>\n                            <div class=\"option-text\">\n                                <h3>H\u00f6rverst\u00e4ndnis<\/h3>\n                            <\/div>\n                        <\/div>\n                        <div class=\"option-radio\"><\/div>\n                    <\/div>\n                    <div class=\"option-card\" data-value=\"umgangssprache\">\n                        <div class=\"option-content\">\n                            <div class=\"option-icon\">\ud83d\udde3\ufe0f<\/div>\n                            <div class=\"option-text\">\n                                <h3>Umgangssprache<\/h3>\n                            <\/div>\n                        <\/div>\n                        <div class=\"option-radio\"><\/div>\n                    <\/div>\n                <\/div>\n                <button class=\"btn-primary\" id=\"step4Next\" disabled>Weiter<\/button>\n            <\/div>\n\n            <!-- STEP 5: Study Preference -->\n            <div class=\"form-step\" id=\"step5\">\n                <div class=\"options-grid\">\n                    <div class=\"option-card\" data-value=\"allein\">\n                        <div class=\"option-content\">\n                            <div class=\"option-icon\">\ud83d\udc64<\/div>\n                            <div class=\"option-text\">\n                                <h3>Allein \u2013 Einzelunterricht<\/h3>\n                            <\/div>\n                        <\/div>\n                        <div class=\"option-radio\"><\/div>\n                    <\/div>\n                    <div class=\"option-card\" data-value=\"gruppe\">\n                        <div class=\"option-content\">\n                            <div class=\"option-icon\">\ud83d\udc65<\/div>\n                            <div class=\"option-text\">\n                                <h3>In kleiner Gruppe \u2013 Gruppenunterricht<\/h3>\n                            <\/div>\n                        <\/div>\n                        <div class=\"option-radio\"><\/div>\n                    <\/div>\n                <\/div>\n                <button class=\"btn-primary\" id=\"step5Next\" disabled>Weiter<\/button>\n            <\/div>\n\n            <!-- STEP 6: Availability CORRETTO IN TEDESCO -->\n            <div class=\"form-step\" id=\"step6\">\n                <div class=\"selection-group\">\n                    <h3>Tage<\/h3>\n                    <div class=\"days-simple-grid\">\n                        <div class=\"day-option\" data-days=\"feriali\">\n                            <div class=\"day-icon\">\ud83d\udcc5<\/div>\n                            <div class=\"day-text\">\n                                <h4>Wochentage<\/h4>\n                            <\/div>\n                        <\/div>\n                        <div class=\"day-option\" data-days=\"festivi\">\n                            <div class=\"day-icon\">\ud83c\udfd6\ufe0f<\/div>\n                            <div class=\"day-text\">\n                                <h4>Wochenende<\/h4>\n                            <\/div>\n                        <\/div>\n                        <div class=\"day-option\" data-days=\"tutti\">\n                            <div class=\"day-icon\">\ud83d\uddd3\ufe0f<\/div>\n                            <div class=\"day-text\">\n                                <h4>Jeden Tag<\/h4>\n                            <\/div>\n                        <\/div>\n                    <\/div>\n                <\/div>\n                \n                <div class=\"selection-group\">\n                    <h3>Uhrzeiten<\/h3>\n                    <div class=\"times-simple-grid\">\n                        <div class=\"time-option\" data-time=\"mattino\">\n                            <div class=\"time-icon\">\ud83c\udf05<\/div>\n                            <div class=\"time-text\">\n                                <h4>Morgens<\/h4>\n                            <\/div>\n                        <\/div>\n                        <div class=\"time-option\" data-time=\"pomeriggio\">\n                            <div class=\"time-icon\">\u2600\ufe0f<\/div>\n                            <div class=\"time-text\">\n                                <h4>Nachmittags<\/h4>\n                            <\/div>\n                        <\/div>\n                        <div class=\"time-option\" data-time=\"sera\">\n                            <div class=\"time-icon\">\ud83c\udf06<\/div>\n                            <div class=\"time-text\">\n                                <h4>Abends<\/h4>\n                            <\/div>\n                        <\/div>\n                    <\/div>\n                <\/div>\n                \n                <button class=\"btn-primary\" id=\"step6Next\" disabled>Weiter<\/button>\n            <\/div>\n\n            <!-- STEP 7: Registration -->\n            <div class=\"form-step\" id=\"step7\">\n                <div class=\"social-btns\">\n                    <button class=\"social-btn google-btn\">\n                        <svg width=\"18\" height=\"18\" viewBox=\"0 0 24 24\" style=\"margin-right: 8px;\">\n                            <path fill=\"#4285f4\" d=\"M22.56 12.25c0-.78-.07-1.53-.2-2.25H12v4.26h5.92c-.26 1.37-1.04 2.53-2.21 3.31v2.77h3.57c2.08-1.92 3.28-4.74 3.28-8.09z\"\/>\n                            <path fill=\"#34a853\" d=\"M12 23c2.97 0 5.46-.98 7.28-2.66l-3.57-2.77c-.98.66-2.23 1.06-3.71 1.06-2.86 0-5.29-1.93-6.16-4.53H2.18v2.84C3.99 20.53 7.7 23 12 23z\"\/>\n                            <path fill=\"#fbbc05\" d=\"M5.84 14.09c-.22-.66-.35-1.36-.35-2.09s.13-1.43.35-2.09V7.07H2.18C1.43 8.55 1 10.22 1 12s.43 3.45 1.18 4.93l2.85-2.22.81-.62z\"\/>\n                            <path fill=\"#ea4335\" d=\"M12 5.38c1.62 0 3.06.56 4.21 1.64l3.15-3.15C17.45 2.09 14.97 1 12 1 7.7 1 3.99 3.47 2.18 7.07l3.66 2.84c.87-2.6 3.3-4.53 6.16-4.53z\"\/>\n                        <\/svg>\n                        Mit Google fortfahren\n                    <\/button>\n                    \n                    <button class=\"social-btn facebook-btn\">\n                        <svg width=\"18\" height=\"18\" viewBox=\"0 0 24 24\" style=\"margin-right: 8px;\">\n                            <path fill=\"#1877f2\" d=\"M24 12.073c0-6.627-5.373-12-12-12s-12 5.373-12 12c0 5.99 4.388 10.954 10.125 11.854v-8.385H7.078v-3.47h3.047V9.43c0-3.007 1.792-4.669 4.533-4.669 1.312 0 2.686.235 2.686.235v2.953H15.83c-1.491 0-1.956.925-1.956 1.874v2.25h3.328l-.532 3.47h-2.796v8.385C19.612 23.027 24 18.062 24 12.073z\"\/>\n                        <\/svg>\n                        Mit Facebook fortfahren\n                    <\/button>\n                <\/div>\n                \n                <div class=\"divider\"><span>oder<\/span><\/div>\n                \n                <form id=\"registrationForm\">\n                    <div class=\"form-group\">\n                        <label for=\"name\">Name<\/label>\n                        <input id=\"name\" class=\"form-input\" type=\"text\" placeholder=\"Dein vollst\u00e4ndiger Name\" required>\n                    <\/div>\n                    <div class=\"form-group\">\n                        <label for=\"email\">E-Mail<\/label>\n                        <input id=\"email\" class=\"form-input\" type=\"email\" placeholder=\"deine@email.de\" required>\n                    <\/div>\n                    <div class=\"form-group\">\n                        <label for=\"password\">Passwort<\/label>\n                        <input id=\"password\" class=\"form-input\" type=\"password\" placeholder=\"Mindestens 8 Zeichen\" required>\n                    <\/div>\n                    \n                    <!-- GDPR Checkbox - SOLO UNO -->\n                    <div class=\"gdpr-section\">\n                        <div class=\"checkbox-group\">\n                            <label class=\"checkbox-label\">\n                                <input type=\"checkbox\" id=\"gdprRequired\" required>\n                                <span class=\"checkmark\"><\/span>\n                                Ich akzeptiere die <a href=\"\/ger\/datenschutz\/\" target=\"_blank\">Datenschutzerkl\u00e4rung<\/a> und <a href=\"\/ger\/agb\/\" target=\"_blank\">AGB<\/a>\n                            <\/label>\n                        <\/div>\n                    <\/div>\n                    \n                    <button type=\"submit\" class=\"btn-primary\" id=\"submitRegistration\" disabled>\n                        Konto erstellen\n                    <\/button>\n                <\/form>\n            <\/div>\n\n            <!-- Logo mobile SOLO (nascosto su desktop) -->\n            <div class=\"mobile-logo\">\n                <img decoding=\"async\" src=\"https:\/\/dante-learning.com\/ger\/wp-content\/uploads\/2024\/11\/logo-un-layer-light.png\" alt=\"Dante Learning\" \/>\n            <\/div>\n        <\/div>\n    <\/div>\n<\/body>\n<\/html>\n\n\n<div class=\"gb-grid-wrapper gb-grid-wrapper-3e3fdaea\">\n\n<\/div>","protected":false},"excerpt":{"rendered":"","protected":false},"author":1,"featured_media":0,"parent":0,"menu_order":0,"comment_status":"closed","ping_status":"closed","template":"","meta":{"_bbp_topic_count":0,"_bbp_reply_count":0,"_bbp_total_topic_count":0,"_bbp_total_reply_count":0,"_bbp_voice_count":0,"_bbp_anonymous_reply_count":0,"_bbp_topic_count_hidden":0,"_bbp_reply_count_hidden":0,"_bbp_forum_subforum_count":0,"pmpro_default_level":"","footnotes":""},"class_list":{"0":"post-17","1":"page","2":"type-page","3":"status-publish","5":"pmpro-has-access"},"_links":{"self":[{"href":"https:\/\/dante-learning.com\/ger\/wp-json\/wp\/v2\/pages\/17","targetHints":{"allow":["GET"]}}],"collection":[{"href":"https:\/\/dante-learning.com\/ger\/wp-json\/wp\/v2\/pages"}],"about":[{"href":"https:\/\/dante-learning.com\/ger\/wp-json\/wp\/v2\/types\/page"}],"author":[{"embeddable":true,"href":"https:\/\/dante-learning.com\/ger\/wp-json\/wp\/v2\/users\/1"}],"replies":[{"embeddable":true,"href":"https:\/\/dante-learning.com\/ger\/wp-json\/wp\/v2\/comments?post=17"}],"version-history":[{"count":3,"href":"https:\/\/dante-learning.com\/ger\/wp-json\/wp\/v2\/pages\/17\/revisions"}],"predecessor-version":[{"id":728,"href":"https:\/\/dante-learning.com\/ger\/wp-json\/wp\/v2\/pages\/17\/revisions\/728"}],"wp:attachment":[{"href":"https:\/\/dante-learning.com\/ger\/wp-json\/wp\/v2\/media?parent=17"}],"curies":[{"name":"wp","href":"https:\/\/api.w.org\/{rel}","templated":true}]}}